3 - 651. Let q = g + 112. What is the units digit of q?
4
Let m(q) = -94*q**3 - q**2 - 3*q - 2. Let c be m(-1). Let v = 126 - c. What is the tens digit of v?
3
Suppose 52*r - 38*r = 2464. What is the tens digit of r?
7
Let t(c) = c**3 + c**2 + 2*c + 114. Suppose -3*m + 8*m - 5*a + 15 = 0, 2*m + 12 = 4*a. What is the tens digit of t(m)?
1
Suppose d = -4*d + 50. Let z = d - 18. Let j = 21 + z. What is the tens digit of j?
1
What is the units digit of (34/(-6))/(-7 + (-1375)/(-198))?
2
Let m(b) = 3*b**3 + 7*b**2 + 10*b - 2. Let r(k) = 5*k**3 + 13*k**2 + 19*k - 4. Let c(u) = 11*m(u) - 6*r(u). What is the tens digit of c(2)?
1
Let q(w) = 0*w - 13 + 1 + w**3 + 4*w**2 - 10*w. What is the tens digit of q(-5)?
1
Let r = 10 + -23. What is the tens digit of (78/10)/(r/(-65))?
3
Suppose -2541 + 423 = -2*y + z, -4*y - 2*z = -4252. What is the tens digit of y?
6
Let q(w) = 4*w - 14. Let i = 3 - -3. Suppose 2*o - i - 8 = -g, 5*g - 42 = -3*o. What is the tens digit of q(g)?
1
Suppose 0 = 2*v - 7*v - 80. What is the units digit of (120/v)/(6/(-4))?
5
Let u be (-3)/(-1) - (8 + -2). Let o be (u - -4)/(-1)*0. Suppose 2*i = 12 - o. What is the units digit of i?
6
Suppose -17*q + 34845 = 10229. What is the units digit of q?
8
Suppose -3*m + 8 + 40 = 0. Let x = -16 + m. Suppose -3*o + 8*o - 135 = x. What is the units digit of o?
7
Let g = -14 + 9. Let n(z) = -3*z**2 - 2*z**3 - 7*z**3 + 8*z**3 + 6*z. What is the units digit of n(g)?
0
Let b = 0 - -10. Suppose -5*d + 4*q + 115 = -2*d, 0 = -5*q + b. What is the tens digit of d?
4
Let h = 5182 - 2497. What is the thousands digit of h?
2
Let h = 1144 - 443. What is the tens digit of h?
0
Let l = -710 + 1302. Let n = l + -399. What is the hundreds digit of n?
1
Suppose -113*r = -114*r + 1042. What is the tens digit of r?
4
Let x = 1525 - -825. What is the thousands digit of x?
2
Let g(v) = -5*v + 25. Let b be g(-16). Suppose 13*d + b = 16*d. What is the units digit of d?
5
Let i be ((-2)/2)/((-2)/4). Let d be ((-9)/i)/((-24)/320). Suppose 0 = -2*t + 5*q + 5, d + 5 = 5*t - 2*q. What is the units digit of t?
5
Let h = 269 - 191. Let r(w) = 2*w**2 + w - 3. Let q be r(-2). Suppose -2*o + 2*d - h = -6*o, 0 = o + q*d - 32. What is the units digit of o?
7
Let l(x) = -2*x + 2. Let f be l(-4). Suppose -f*k + 6 = -7*k. Suppose -k*d + d = -29. What is the units digit of d?
9
Suppose j + 52 = k - 2*j, -4 = -2*j. Let i = 35 - k. Let x = i - -49. What is the units digit of x?
6
Suppose -4*c - 4 + 36 = 4*a, -c + 2*a - 7 = 0. What is the hundreds digit of 1/9*1803 + c/(-9)?
2
Let x(p) = 18*p**2 + 7*p - 14. What is the units digit of x(6)?
6
Let z be (-74)/(3/(-6)*-4). Let n = z - -76. What is the tens digit of n?
3
Suppose 34 = -5*v - 5*x - 1, 2*v - 6 = 3*x. What is the units digit of (-214)/v - 11/33?
1
Suppose 5*y - 11628 = -588. What is the hundreds digit of y?
2
Let m = -453 + 1496. What is the hundreds digit of m?
0
Let r = -24 + 27. What is the hundreds digit of (-3)/(-9) + 344/r?
1
Suppose -63*j + 66*j + 4*v + 18 = 0, v = 2*j + 23. Let q(t) = -17*t - 1. Let d be q(1). Let p = j - d. What is the units digit of p?
8
Let t(c) = c**3 + c**2 - c + 30. Let f be t(0). Let v = f + -25. Suppose 2*k = -2*h - 2*k + 84, 2*k = v*h - 246. What is the units digit of h?
8
Let y be (-7 + 9)/((-2)/(-4)). Suppose 5*r - y = 4*r. Suppose -3*v + v + r = 0. What is the units digit of v?
2
Suppose -4*t = -6*t. Suppose t = -6*f + 68 + 10. What is the tens digit of f?
1
Let n(u) be the second derivative of -1/3*u**3 - u**2 + 0 + 4/3*u**4 + 2*u. What is the tens digit of n(-1)?
1
Let x(z) = 96*z**2 - 5*z + 10. What is the units digit of x(6)?
6
Let g = -818 - -1446. What is the units digit of g?
8
Let a(n) = -n**3 + 19*n**2 + 18*n + 27. Let x be a(20). Let j = x + 141. What is the tens digit of j?
2
Let g(a) = a + 5. Let d be g(-4). Let f = d + 10. Suppose f = n - 3*q - q, -3*q + 78 = 3*n. What is the tens digit of n?
2
Suppose -5*q + q - 3*s - 6 = 0, -2*s = -2*q + 4. Suppose -6*h + q*h + 666 = 0. What is the tens digit of h?
1
Let y = -219 + 222. Suppose 0 = -3*v + v + 100. Suppose 4*d - 2*p = 220, 2*p - 222 + v = -y*d. What is the units digit of d?
6
Let x = -20 - -5. Let c = -17 - x. What is the tens digit of (4/12)/(c/(-174))?
2
Suppose 3*u = 4*f + 31, -42 = -0*u - 5*u - 3*f. What is the units digit of u/(-4)*(-120)/9?
0
Let r = -71 - -77. Suppose r*q - 318 = -0*q. What is the tens digit of q?
5
Let v(o) = 10*o - 6. Let a(s) = -s + 1. Let f(c) = 3*a(c) + v(c). Let g be f(-11). What is the units digit of ((-5)/10)/(2/g)?
0
Let x = -118 + -212. Let o = x + 493. What is the units digit of o?
3
Suppose 2*q = -2*f + 22, 0*f = 5*f + q - 47. Suppose 0*d = d - f. Suppose 2*w - 2 = 2*a, d = a + 2*w - 2. What is the units digit of a?
3
Let r be (-816)/(-15) + 18/30. Let k be 3/2 + r/(-2). What is the tens digit of k/(-3 + 2 + -1)?
1
Let b(i) = 11 + 4*i**2 + 3*i + 4*i - 15 - 5*i**2. Let j be b(6). Suppose 5*x - 39 = j*x. What is the units digit of x?
3
Suppose 2*y = y + 5*j + 461, 0 = -y - 2*j + 482. What is the hundreds digit of y?
4
Let l be 2*(6/4 + -3). Let s(m) = -2*m**2 - 4*m + 2. Let a(n) = n**2 + 4*n - 2. Let y(c) = l*a(c) - 2*s(c). What is the units digit of y(9)?
7
Let o = -430 + 467. What is the units digit of o?
7
Let y = 33 + 12. Let c = y + 6. Suppose 4*d - 153 = c. What is the units digit of d?
1
Let h = -7 - -13. Suppose -h*b = -b - 10. What is the units digit of ((-108)/24)/(b/(-8))?
8
Let w = 9441 + -5802. What is the thousands digit of w?
3
Let y = -12 + 15. Let k(p) = 4*p - 4*p**2 - p**y + 0*p**3 + 2*p + 2*p. What is the units digit of k(-6)?
4
Let f(k) = 6 + 1 + 0*k**2 - 2*k**2 + 3*k**2. Let b be f(0). Let z(i) = -i**3 + 5*i**2 + 14*i + 5. What is the units digit of z(b)?
5
Let i(h) = 20 + 9*h - 13 - 14. What is the tens digit of i(8)?
6
Suppose -4*x + 5*p + 2653 = 0, 3*p = -5*x + 1076 + 2194. What is the tens digit of x?
5
Suppose 360 + 15 = 3*q. Suppose -4*w + 532 = o, -4*w - 2*o + q = -411. What is the hundreds digit of w?
1
Let q = -63 + 65. Suppose -u - 545 = -q*x - 3*x, -2*x + 3*u = -205. What is the hundreds digit of x?
1
Suppose -11*f + 2*p = -15204, -4*p + 0*p - 2768 = -2*f. What is the tens digit of f?
8
Suppose 3*c + 1034 = c. Let f = -367 - c. What is the hundreds digit of f?
1
Let o(a) = -2*a + 14. Let z be o(7). Suppose 7*b - 145 + 40 = z. What is the units digit of b?
5
Suppose 3*k - 5*r - 40 = 2, -14 = -k - 5*r. Let c be 2/k + 14/(-98). Suppose c*w - w + 45 = 0. What is the tens digit of w?
4
Let c = 13 - -97. Suppose -4*o + c = 302. What is the units digit of 6/o + 145/8?
8
Suppose -5*n + 4 = -4*y - 11, -2*n + 6 = -2*y. Suppose y = b - 5*m - 3, -6 = -4*b - 4*m + 6. Suppose 0 = b*o + 2*o - 130. What is the units digit of o?
6
Let u be (-28)/(-12) - (-8)/12. Suppose 0 = u*k - y - 21, -27 = -4*k + 2*y - y. Let v = -1 + k. What is the units digit of v?
5
Suppose 4*a - 5*a = -3*u + 1, -4 = -a - 2*u. Suppose 6*q + a = 7*q. Suppose q = -f + 3*f. What is the units digit of f?
1
Suppose -5*h + 2*y = -3*y - 4755, -y = -5*h + 4771. What is the units digit of h?
5
Let c be (1/3)/(2/12). Let q(k) = k + 10. Let u be q(-4). Let f = u + c. What is the units digit of f?
8
Let x be -2*(-1)/(4/(-50)). Suppose -5*s - 1 = 4. Let v = s - x. What is the tens digit of v?
2
Suppose h - 2*h - v = -1365, 5*v + 2744 = 2*h. What is the tens digit of h?
6
Let f = 23 - 19. Suppose 3*b - 1 = -f. What is the units digit of b - (-2 - 7) - 1?
7
Suppose 0 = 4*w + 8, -3*i + 5*w + 262 = 3*w. Let l = -36 + i. What is the units digit of l?
0
Suppose 0 = 11*p - 8*p + 30. Let x = p - -33. Let c = x + -19. What is the units digit of c?
4
Let n(i) = -i**3 - 6*i**2 - 8*i - 6. Suppose -2*m = 3*m + 25. Let u be n(m). Suppose -3*x = u - 39. What is the units digit of x?
0
Suppose 36*d - 5430 = -786. What is the hundreds digit of d?
1
Let x = 4 - 1. Suppose -2*z + 37 = x. What is the tens digit of z?
1
Let k = 10181 + -6918. What is the units digit of k?
3
What is the thousands digit of (-16573)/(-7) - (-5 + 288/63)?
2
Suppose -3 = -5*j + 22. Suppose 0 = b - 0 - j. Suppose b*n = 3*n + 2. What is the units digit of n?
1
Let f(w) be the second derivative of w**4/6 + 4*w**3/3 - 4*w**2 - 9*w. What is the tens digit of f(9)?
2
Suppose -3*b - 2*b = -20. Suppose 2*u + p = 6*u 